)/40)*-123.
78
Suppose -10*v + 14*v - 5*r - 457 = 0, -2*v = -r - 227. Suppose 0 = -37*b + 241 + 610. What is the remainder when v is divided by b?
21
Suppose -180*o + 448 = r - 183*o, -1792 = -4*r - 4*o. Calculate the remainder when r is divided by 389.
59
Let j(k) = 2*k**3 - 7*k**2 + 21*k - 30. Let h be j(10). Suppose -h = 196*o - 206*o. What is the remainder when o is divided by 30?
28
Let w(l) = l**3 + 16*l**2 - 10*l + 13. Calculate the remainder when w(10) is divided by 194.
185
Let x = 33 + -18. Suppose 83 = 2*u + 3*p, -5*p - 172 = -6*u + 3*u. Suppose -s + u = -21. What is the remainder when s is divided by x?
10
Let g(d) = 336*d - 332. What is the remainder when g(2) is divided by 38?
36
Let o(g) = -6*g**2 - 191*g + 57. What is the remainder when 2142/30 + (-2)/5 is divided by o(-32)?
21
Suppose -11*x + 4*x + 189 = 0. What is the remainder when 865/45 - (0 - (-6)/x) is divided by 12?
7
Suppose -4*k = -2*b - 222, 0 = k - 2*b + 14 - 77. Suppose -2*u + 126 = -v, -k*u + 58*u = 4*v + 312. What is the remainder when u is divided by 22?
20
Suppose 4*q = -3*b - 14, -3*b + 10 = 5*q + 23. Suppose 0 = 4*v + 4 - 128. What is the remainder when ((-1104)/18)/(b/9) is divided by v?
30
Let r(g) = -4*g - 27. Let j(n) = 7*n + 41. Let t(z) = -5*j(z) - 8*r(z). What is the remainder when t(-23) is divided by 7?
3
Let w = -525 + 1287. Suppose -4*m + w = 2*r, 0*r - 3*m - 1502 = -4*r. Calculate the remainder when r is divided by 14.
13
Let t be 126/33 + (-2)/(-11). Suppose 0 = -2*k, 0 = l - t*k - 3. Suppose -2*h + 16 = 4*j, -30 = -l*h - j + 14. Calculate the remainder when 62 is divided by h.
14
Let g = 46975 + -46868. Calculate the remainder when 2694 is divided by g.
19
Let k = -2525 + 3478. Calculate the remainder when k is divided by 37.
28
Let s(r) = 80*r**3 + 10*r**2 - 11*r + 2. Calculate the remainder when s(1) is divided by 11.
4
Suppose -2*d = -3*s - 4804, -10*d = -14*d + s + 9618. What is the remainder when d is divided by 56?
53
Suppose 0 = 13*m - 1574 - 896. Calculate the remainder when m is divided by 103.
87
Let n = 3801 + -3610. Calculate the remainder when 436 is divided by n.
54
Let m be -13*(-9)/(0 - -3). Suppose 3*g + m = 3*h, -2*h + 14 + 18 = g. Suppose 5*n - 4*n = 9. Calculate the remainder when h is divided by n.
6
Let a(r) = -r + 7. Let s be a(0). What is the remainder when 146 is divided by 1/(s*(-1)/(-259))?
35
Let v = -1313 + 1366. Calculate the remainder when v is divided by 18.
17
Let c = -24732 - -24740. Let z(x) = x**2 - x + 46. Calculate the remainder when z(0) is divided by c.
6
Suppose -4*p + 90 = 5*h, -8*p + 3*p = -25. What is the remainder when 394 is divided by h?
2
Let t = -1118 + 751. Let l = -351 - t. What is the remainder when (-1 + 4)/(-6)*-252 is divided by l?
14
Let u = -3167 - -3179. Calculate the remainder when 2121 is divided by u.
9
Let l = 61 - 123. Let x = l - -231. Let y(s) = -s**3 - 6*s**2 - 2*s - 20. Calculate the remainder when x is divided by y(-7).
40
Let q(z) = -2*z**3 + 113*z**2 - 54*z - 84. What is the remainder when 1481 is divided by q(56)?
25
Let r(h) = -87*h**3 + h**2 - 143*h - 144. Calculate the remainder when 455 is divided by r(-1).
20
Let c = 17 + -14. Suppose 3*p = -4*v + 10 + 57, p + c*v - 29 = 0. Calculate the remainder when (-1 + 2)/(23970/(-1411) - -17) is divided by p.
15
Let g(l) = 235*l + 6. Suppose -2*x + 5*k + 74 = 3*k, -2*k = -5*x + 179. Calculate the remainder when g(1) is divided by x.
31
Let a(i) = 43*i - i**3 - 136*i + 6 + 58*i - 19*i**2. What is the remainder when 38 is divided by a(-17)?
15
Suppose 16 = -3*x + 2*t - 0, 2*t - 10 = 0. Calculate the remainder when 56 is divided by 1 + (x + 6/4)*-24.
4
Let b(w) = -w**3 - w**2 + 28*w + 36. Calculate the remainder when b(-8) is divided by 29.
28
Let r(y) be the first derivative of y**4/4 - 7*y**3/3 - 5*y**2/2 - 7*y + 3. Let s(p) = p**2 + 22*p + 90. What is the remainder when s(-19) is divided by r(8)?
16
Let m(n) = -n**2 + 4*n - 1. Let z be m(3). Let h be z/((8/(-140))/1). What is the remainder when 32 is divided by 3/(1/(-5) + (-22)/h)?
4
What is the remainder when 2/(-7) + 26719/49 is divided by (-5)/(-2)*8424/270?
77
Let y = 0 - -12. Let g(n) = 17*n + 64. Let p be g(-11). Let z = p + 145. Calculate the remainder when z is divided by y.
10
Let i(d) = -d**2 - 17*d - 9. Let a = 2 + -18. Suppose 705 = -55*r + 4060. What is the remainder when r is divided by i(a)?
5
Let l = 3256 + -3234. What is the remainder when 1337 is divided by l?
17
Suppose 9*n - 23*n = -378. Let j = 49 - 37. Let d(w) = w**3 - 10*w**2 - 17*w - 4. What is the remainder when d(j) is divided by n?
26
Suppose 0 = -8*l + 4*l + 60. Suppose 10*o + 5*a - 116 = 8*o, 58 = o + 4*a. What is the remainder when o is divided by l?
13
Suppose 0 = -3*w + 18943 - 18937. Let f = 137 - 93. Suppose f = 2*o - w. What is the remainder when o is divided by 5?
3
Suppose 2*z = 3*i - 8*i + 133, i - 41 = 2*z. What is the remainder when 3595 is divided by i?
28
Let k = 590 + -280. Suppose -10*s + 140 + k = 0. What is the remainder when 60 is divided by s?
15
Let u be (5/(15/(-14)))/((-56)/84). Suppose 3*z = 12*w - 10*w + 2, -w - u = -3*z. What is the remainder when 34 is divided by w?
4
Let g = 40 - 56. What is the remainder when 43 is divided by -2*1/2 - g?
13
Let w(d) = -d**2 - 3*d - 4. Let u be w(-3). Let m(y) = -28*y**2 - 488*y + 3591. Calculate the remainder when (-30)/(-4) + 2/u is divided by m(-23).
1
Suppose -3*o + 80 = 13 + 31. Calculate the remainder when 1400 is divided by o.
8
Let t(c) = 6*c**2 + 120*c - 8. Let r = 605 - 626. What is the remainder when t(r) is divided by 20?
18
Suppose 3*m = -c, 3*m + 23*c - 15 = 27*c. Calculate the remainder when -1*105/(m - 4) is divided by 11.
2
Let n = 220 - 218. What is the remainder when 88/33*(105/n)/5 is divided by 8?
4
Let q be 6/(-2) + (-5 - -19). Suppose -5*c + s + 40 = 0, q = c - 4*s - 16. Suppose 128 = 11*m - c*m. What is the remainder when 95 is divided by m?
31
Suppose 3*b - 12 + 6 = 0. Suppose 5*v = b*p + 20, -v + 2*p + 0 + 4 = 0. Let r = v - -7. Calculate the remainder when 41 is divided by r.
8
Let v be (3/(-2))/((-6)/40). Suppose 4 = z + 2*n, 5*z - 38 = z + 3*n. What is the remainder when 143 is divided by 1/(20/z) + 236/v?
23
Let d be (3 - (-12)/(-8))*-2 - -7. Suppose d*r = 2*z - 416 + 74, 5*r + 684 = 4*z. Suppose -2*k + 172 = 2*k. What is the remainder when z is divided by k?
42
Let c(t) = t**3 + 6*t**2 - 12*t - 5. Let i be c(-5). What is the remainder when 29 is divided by 8*(3/(-5))/((-24)/i)?
13
Suppose -4*n = -3*d - 1084, n + 4*d + 42 = 294. What is the remainder when n is divided by 78?
34
Let x(j) = j**3 - 8*j**2 + 15*j - 15. Let f be x(8). Let o = 134 - f. Calculate the remainder when o is divided by 18.
11
Let h = -96 + 136. What is the remainder when (-1)/((-2848)/(-952) + -3) is divided by h?
39
Suppose -2*q = 4*j - 12, 0 = j - 2*j - 5*q - 15. Suppose 7*n = j*n + 52. Calculate the remainder when 51 is divided by n.
25
Let u = -483 - -581. What is the remainder when 8621 is divided by u?
95
Let n(b) = 104*b**3 + b**2 - b. Let g be n(1). Suppose -g = -10*v + 56. Calculate the remainder when 30 is divided by v.
14
Suppose 15*p = 4*p + 2188 + 628. What is the remainder when p is divided by 5/30 - 2036/(-24)?
1
Suppose -3932*p + 103531 = -45885. What is the remainder when 2*(522/4 + 1) is divided by p?
35
Let a = -24845 + 25010. What is the remainder when 659 is divided by a?
164
Suppose d - 90 = -5*a, 61*d - 63*d + 3*a + 102 = 0. What is the remainder when 6536 is divided by d?
56
Suppose 15 = 2*k + 25. Let o(f) = 3*f + 22. Let a be o(k). What is the remainder when 61 is divided by (a - 7) + 32/2?
13
Let k = -10617 - -10752. What is the remainder when k is divided by 48?
39
Let m(s) = s**3 + 55*s**2 + 27*s + 1504. What is the remainder when 540 is divided by m(-55)?
8
Let a(n) = n**3 - 4*n**2 - 7*n - 5. Let j be a(6). Let d = j + -23. Suppose 0*u = -d*b + 2*u + 94, 6 = -3*u. What is the remainder when b is divided by 12?
9
Let j(y) = -6*y - 4. Let t = -65 + 67. Suppose -436 = -3*b + 5*p, -2*b - t*p = -3*p - 279. Calculate the remainder when b is divided by j(-4).
17
Let g(x) be the third derivative of 4*x**4/3 + 185*x**3/6 + 162*x**2. What is the remainder when 322 is divided by g(-5)?
22
Let d = 174 + 578. What is t